 is the tens digit of 12612?
1
What is the units digit of 6878?
8
What is the hundreds digit of 44092?
0
What is the units digit of 943?
3
What is the tens digit of 803?
0
What is the ten thousands digit of 40723?
4
What is the units digit of 155345?
5
What is the thousands digit of 17346?
7
What is the thousands digit of 1407?
1
What is the units digit of 2552?
2
What is the hundreds digit of 54866?
8
What is the thousands digit of 2257?
2
What is the thousands digit of 17608?
7
What is the tens digit of 20815?
1
What is the tens digit of 153?
5
What is the hundreds digit of 438?
4
What is the tens digit of 219?
1
What is the hundreds digit of 12485?
4
What is the tens digit of 723?
2
What is the hundreds digit of 9270?
2
What is the units digit of 14482?
2
What is the hundreds digit of 51160?
1
What is the units digit of 7236?
6
What is the hundreds digit of 4390?
3
What is the thousands digit of 5976?
5
What is the tens digit of 87472?
7
What is the hundreds digit of 2271?
2
What is the tens digit of 1483?
8
What is the units digit of 20097?
7
What is the tens digit of 20992?
9
What is the tens digit of 1411?
1
What is the tens digit of 16798?
9
What is the units digit of 2015?
5
What is the tens digit of 23736?
3
What is the tens digit of 601?
0
What is the hundreds digit of 3868?
8
What is the thousands digit of 10682?
0
What is the units digit of 26512?
2
What is the units digit of 12156?
6
What is the thousands digit of 19574?
9
What is the tens digit of 39?
3
What is the tens digit of 2863?
6
What is the units digit of 517?
7
What is the units digit of 7097?
7
What is the thousands digit of 1892?
1
What is the tens digit of 20060?
6
What is the thousands digit of 2592?
2
What is the hundreds digit of 4571?
5
What is the tens digit of 10771?
7
What is the ten thousands digit of 21721?
2
What is the hundreds digit of 35186?
1
What is the tens digit of 21191?
9
What is the hundreds digit of 379?
3
What is the tens digit of 119437?
3
What is the units digit of 475?
5
What is the tens digit of 4706?
0
What is the ten thousands digit of 12837?
1
What is the units digit of 2007?
7
What is the units digit of 60409?
9
What is the thousands digit of 7628?
7
What is the units digit of 922?
2
What is the ten thousands digit of 103672?
0
What is the tens digit of 954?
5
What is the tens digit of 44830?
3
What is the hundreds digit of 744?
7
What is the tens digit of 66052?
5
What is the hundreds digit of 2742?
7
What is the tens digit of 256?
5
What is the hundreds digit of 21387?
3
What is the thousands digit of 7782?
7
What is the thousands digit of 43803?
3
What is the units digit of 2291?
1
What is the units digit of 1631?
1
What is the hundreds digit of 295?
2
What is the ten thousands digit of 114461?
1
What is the hundreds digit of 2134?
1
What is the tens digit of 714?
1
What is the ten thousands digit of 140413?
4
What is the thousands digit of 1966?
1
What is the ten thousands digit of 13718?
1
What is the hundreds digit of 507?
5
What is the thousands digit of 76308?
6
What is the tens digit of 29799?
9
What is the hundreds digit of 1087?
0
What is the tens digit of 61882?
8
What is the ten thousands digit of 33998?
3
What is the tens digit of 5463?
6
What is the units digit of 27264?
4
What is the units digit of 158?
8
What is the units digit of 740?
0
What is the thousands digit of 2213?
2
What is the tens digit of 920?
2
What is the tens digit of 1240?
4
What is the tens digit of 76109?
0
What is the units digit of 819?
9
What is the thousands digit of 5906?
5
What is the hundreds digit of 45551?
5
What is the tens digit of 54549?
4
What is the units digit of 6112?
2
What is the tens digit of 1303?
0
What is the thousands digit of 29981?
9
What is the units digit of 252?
2
What is the ten thousands digit of 12114?
1
What is the hundreds digit of 41148?
1
What is the hundreds digit of 3315?
3
What is the tens digit of 8306?
0
What is the tens digit of 60961?
6
What is the tens digit of 5705?
0
What is the hundreds digit of 1578?
5
What is the thousands digit of 5276?
5
What is the thousands digit of 5851?
5
What is the units digit of 27708?
8
What is the units digit of 727?
7
What is the hundreds digit of 29980?
9
What is the hundreds digit of 5667?
6
What is the units digit of 51525?
5
What is the units digit of 2998?
8
What is the thousands digit of 3537?
3
What is the thousands digit of 41452?
1
What is the thousands digit of 20136?
0
What is the ten thousands digit of 13382?
1
What is the units digit of 18061?
1
What is the hundreds digit of 1331?
3
What is the hundreds digit of 151672?
6
What is the tens digit of 3770?
7
What is the units digit of 5149?
9
What is the hundreds digit of 508?
5
What is the tens digit of 14319?
1
What is the hundreds digit of 2370?
3
What is the hundreds digit of 228?
2
What is the units digit of 4324?
4
What is the tens digit of 229?
2
What is the hundred thousands digit of 104670?
1
What is the hundreds digit of 1145?
1
What is the units digit of 56734?
4
What is the hundreds digit of 7619?
6
What is the hundreds digit of 2142?
1
What is the units digit of 51164?
4
What is the hundreds digit of 6223?
2
What is the hundreds digit of 5841?
8
What is the units digit of 668?
8
What is the tens digit of 638?
3
What is the thousands digit of 3456?
3
What is the thousands digit of 17106?
7
What is the units digit of 822?
2
What is the hundreds digit of 717?
7
What is the tens digit of 271?
7
What is the tens digit of 1401?
0
What is the hundreds digit of 1176?
1
What is the units digit of 734?
4
What is the thousands digit of 32376?
2
What is the tens digit of 13405?
0
What is the ten thousands digit of 79383?
7
What is the hundreds digit of 124592?
5
What is the hundreds digit of 1712?
7
What is the units digit of 1083?
3
What is the hundreds digit of 1357?
3
What is the units digit of 29275?
5
What is the tens digit of 9133?
3
What is the thousands digit of 3867?
3
What is the hundreds digit of 950?
9
What is the units digit of 22374?
4
What is the units digit of 10316?
6
What is the tens digit of 17142?
4
What is the tens digit of 16863?
6
What is the thousands digit of 1051?
1
What is the thousands digit of 2264?
2
What is the units digit of 2451?
1
What is the hundreds digit of 148245?
2
What is the thousands digit of 1855?
1
What is the tens digit of 1165?
6
What is the hundreds digit of 893?
8
What is the units digit of 47066?
6
What is the tens digit of 15377?
7
What is the thousands digit of 2725?
2
What is the hundreds digit of 1584?
5
What is the tens digit of 937?
3
What is the units digit of 2043?
3
What is the thousands digit of 1673?
1
What is the thousands digit of 60963?
0
What is the units digit of 8852?
2
What is the units digit of 38630?
0
What is the hundreds digit of 586?
5
What is the units digit of 51152?
2
What is the units digit of 850?
0
What is the thousands digit of 135049?
5
What is the tens digit of 88042?
4
What is the tens digit of 3265?
6
What is the tens digit of 949?
4
What is the units digit of 57693?
3
What is the hundred thousands digit of 105062?
1
What is the thousands digit of 13574?
3
What is the tens digit of 178652?
5
What is the hundreds digit of 49529?
5
What is the units digit of 872?
2
What is the tens digit of 11677?
7
What is the tens digit of 28292?
9
What is the units digit of 13858?
8
What is the thousands digit of 6765?
6
What is the units digit of 60945?
5
What is the tens digit of 3677?
7
What is the thousands digit of 29929?
9
What is the hundreds digit of 44090?
0
What is the ten thousands digit of 83328?
8
What is the thousands digit of 24518?
4
What is the units digit of 1054?
4
What is the tens digit of 1370?
7
What is the units digit of 6364?
4
What is the units digit of 51032?
2
What is the thousands digit of 6907?
6
What is the tens digit of 2135?
3
What is the thousands digit of 87207?
7
What is the hundreds digit of 4410?
4
What is the hundreds digit of 118294?
2
What is the units digit of 1597?
7
What is the units digit of 979?
9
What is the hundreds digit of 4317?
3
What is the hundreds digit of 2433?
4
What is the tens digit of 95661?
6
What is the thousands digit of 55522?
5
What is the hundreds digit of 874?
8
What is the tens dig